{"id":2003,"date":"2025-08-11T09:48:02","date_gmt":"2025-08-11T07:48:02","guid":{"rendered":"https:\/\/enginyeriainformatica.cat\/dones-coeinf\/?page_id=2003"},"modified":"2025-09-09T08:42:52","modified_gmt":"2025-09-09T06:42:52","slug":"activitats-dones-coeinf","status":"publish","type":"page","link":"https:\/\/enginyeriainformatica.cat\/dones-coeinf\/activitats-dones-coeinf\/","title":{"rendered":"Recull donesCOEINF d&#8217;activitats"},"content":{"rendered":"\n<h3 class=\"wp-block-heading has-ast-global-color-0-color has-text-color has-link-color wp-elements-3f6f215edf4cbf595408c5bd38d33e02\">Recull donesCOEINF d&#8217;activitats de g\u00e8nere relacionades amb l&#8217;enginyeria inform\u00e0tica<\/h3>\n\n\n\n<figure class=\"wp-block-image aligncenter\"><img decoding=\"async\" src=\"https:\/\/enginyeriainformatica.cat\/wp-content\/uploads\/2019\/05\/logo-donaCOEINF-base-Comissi\u00f3-de-g\u00e8nere-donesCOEINF-1200x900-1024x765.png\" alt=\"Logo DonaCOEINF Base Comissi\u00f3 De G\u00e8nere DonesCOEINF 1200x900 1024x765\" class=\"wp-image-28902\" title=\"Recull donesCOEINF d&#039;activitats\"><\/figure>\n\n\n\n<p class=\"has-link-color wp-elements-c00c8a4d347363c1b8c0ea7392a97abc\">En aquesta secci\u00f3 hi trobareu un primer recull no exaustiu d&#8217;activitats en mat\u00e8ria de g\u00e8nere relacionades amb l&#8217;enginyeria inform\u00e0tica desenvolupades per la comissi\u00f3 donesCOEINF, o que compten amb la participaci\u00f3 (en diferents graus d&#8217;implicaci\u00f3) d&#8217;algun membre de la comissi\u00f3, o activitats externes a la comissi\u00f3 per\u00f2 que tenen lloc a Catalunya<\/p>\n\n\n\n<p class=\"has-link-color wp-elements-315690cb2cbcc6fa3f8638764fdc1165\"><strong>Comuniqueu-nos les activitats que volgueu que fem visibles des d&#8217;aquesta p\u00e0gina a <a href=\"mailto:karina_gibert@enginyeriainformatica.cat\">karina_gibert@enginyeriainformatica.cat<\/a><\/strong><\/p>\n\n\n\n<p><strong>Activitats de la comissi\u00f3 donesCOEINF<\/strong><\/p>\n\n\n\n<ul class=\"wp-block-list has-link-color wp-elements-cb7f7adaf644278c25deeab736d177f2\">\n<li>novembre-desembre 2020: <a href=\"https:\/\/enginyeriainformatica.cat\/?p=33785\">donesCOEINF en campanya per la sensibilitzaci\u00f3 per les professions TIC a territori<\/a><\/li>\n\n\n\n<li>23 Ab, 2020: Llen\u00e7ament del PrEInF: <a href=\"https:\/\/enginyeriainformatica.cat\/?p=32106\">Portal de Promoci\u00f3 de l&#8217;Enginyeria Inform\u00e0tica en Femen\u00ed<\/a><\/li>\n\n\n\n<li>8 Mar, 2020: <a href=\"https:\/\/enginyeriainformatica.cat\/?page_id=31631\">Els 10 suggeriments de donesCOEINF per un futur equitatiu<\/a><\/li>\n\n\n\n<li>13 Des, 2019: Acte <a href=\"http:\/\/eventIntercol13des.coeinf.cat\">Dona i Professions Tecnol\u00f2giques<\/a>, Cicles Dona i professions col.legiades. Comissi\u00f3 Dones i Igualtat de L\u2019Associaci\u00f3 Intercol\u00b7legial de Col\u00b7legis Professionals de Catalunya. Amb el suport de la Direcci\u00f3 General d&#8217;Igualtat de la Generalitat de Catalunya.<\/li>\n\n\n\n<li>21 Feb, 2019: Presentaci\u00f3 del <a href=\"https:\/\/enginyeriainformatica.cat\/wp-content\/uploads\/2019\/03\/Joan-ClarkeResenya-1.pdf\">Premi Joan Clarke al CIO De l&#8217;any<\/a>. <a href=\"https:\/\/www.lanit.cat\/\">LaNit<\/a> de les Telecomunicacions i la Inform\u00e0tica<\/li>\n\n\n\n<li>18-19 Oct, 2018: <a href=\"http:\/\/bgcw.enginyeriainformatica.cat\/\">Barcelona 1rst Grad Cohort Workshop<\/a>, en col.laboraci\u00f3 donesCOEINF-Facultat d&#8217;Inform\u00e0tica de Barcelona, UPC<\/li>\n\n\n\n<li>Des de 2018 donesCOEINF representa al Col.legi Oficial d&#8217;Enginyeria Inform\u00e0tica en l&#8217;ofrena floral dels col.legis tecnol\u00f2gics al monument de Casanova la tarda del 10 Set<\/li>\n<\/ul>\n\n\n\n<p><strong>Activitats de g\u00e8nere on intervenen actuals membres de la comissi\u00f3 donesCOEINF<\/strong><\/p>\n\n\n\n<ul class=\"wp-block-list has-link-color wp-elements-8ee95d16b81b3d131f378c9fb30c97d8\">\n<li>23 Nov, 2019: Mesa rodona Xarxa de Dones del Sector Digital. <a href=\"http:\/\/punttic.gencat.cat\/esdeveniment\/jornades-woman-lider-tic-2019\">Jornades WomanLiderTIC 2019 <\/a>amb la participaci\u00f3 de Karina Gibert i Anna Benavent. <a href=\"https:\/\/womanlidertic.donesenxarxa.cat\/programa2019\/\">Programa<\/a><\/li>\n\n\n\n<li>11-13 Oct, 2019: <a href=\"https:\/\/hackupc.com\/\">HackUPC<\/a>, Hackers UPC<\/li>\n\n\n\n<li>Quart Trimestre 2019:&nbsp;<a href=\"https:\/\/enginyeriainformatica.cat\/wp-content\/uploads\/2019\/11\/Cartell-Cicle-Dona-i-professions-colK-3.pdf\">Cicle Dona i professions col.legiades<\/a>, Comissi\u00f3 Dones i Igualtat de L\u2019Associaci\u00f3 Intercol\u00b7legial de Col\u00b7legis Professionals de Catalunya. Amb el suport de la Direcci\u00f3 General d&#8217;Igualtat de la Generalitat de Catalunya.<\/li>\n\n\n\n<li>9 Set 2019: Confer\u00e8ncia Convidada al <a href=\"http:\/\/www.etfa2019.org\/wie-forum\/\">Women in Engineering Forum.<\/a> A Workshop in 24th IEEE int&#8217;l Conf on Emerging Technologies and factory automation (IEEE-<a href=\"http:\/\/www.etfa2019.org\/\">ETFA2019<\/a>). Invited talk on Deployment of territorial structures to reduce gender gap in technology and some real cases in Catalonia<\/li>\n\n\n\n<li>7 Mar 2019: <a href=\"https:\/\/www.pedagogs.cat\/reg.asp?id=4166&amp;i=ca\">Dones Col.legiades en Acci\u00f3<\/a><\/li>\n\n\n\n<li>7 Mar 2019:<a href=\"https:\/\/www.udg.edu\/ca\/eps\/Escola-Politecnica-Superior\/Detall-activitats\/eventid\/5706\"> FemEnGIN: II speed networking\/mentoring amb enginyeres del m\u00f3n professional<\/a><\/li>\n\n\n\n<li>27 Feb-2Mar 2019: <a href=\"https:\/\/www.ticanoia.cat\/agenda-tic-de-lanoia\/properes-activitats\/les-tic-en-clau-de-genere-despertem-les-vocacions-femenines.html\">YOMO 2019<\/a>, Karina Gibert i Bea L\u00f3pez participant a l&#8217;estand d&#8217;ACIA<\/li>\n\n\n\n<li>Gen-Des 2019: <a href=\"https:\/\/enginyeriainformatica.cat\/?p=27613\">Cicle Dona i Tecnologia: un t\u00e0ndem de futur<\/a><\/li>\n\n\n\n<li>Gen 2019- Mar 2019: <a href=\"https:\/\/ticsonnostres.cat\">Noies, les TIC s\u00f3n nostres<\/a><\/li>\n\n\n\n<li>6 Feb, 2019: <a href=\"https:\/\/igualtat.upc.edu\/ca\/esdeveniments\/jornades-igualtat\/vi-jornada-digualtat\">VI Jornada d&#8217;Igualtat<\/a>, UPC. Presentacions de Karina Gibert i N\u00faria Castell<\/li>\n\n\n\n<li>26 Nov 2018: <a href=\"http:\/\/www.udl.cat\/ca\/serveis\/oficina\/agenda\/Lliurament-del-Premi-Alfons-de-Borja-dAlumni-UdL-a-Nuria-Carretero\/\">Premi Alfons de Borja Alumni UdL<\/a><\/li>\n\n\n\n<li>18-21 Oct, 2018: <a href=\"https:\/\/hackupc.com\/\">HackUPC<\/a><\/li>\n\n\n\n<li>18 Oc, 2018: Investidura de Margaret Hamilton com a doctora Honoris Causa de la UPC. <a href=\"https:\/\/www.upc.edu\/ca\/sala-de-premsa\/noticies\/margaret-hamilton-doctora-honoris-causa\">Programa<\/a><\/li>\n\n\n\n<li>15 Feb, 2018: <a href=\"https:\/\/www.fib.upc.edu\/ca\/secundaria\/dona-i-ciencia\">Jornada Dia de la dona i la nena en la ci\u00e8ncia<\/a>, Facultat d&#8217;Inform\u00e0tica de Barcelona. <a href=\"http:\/\/media.fib.upc.edu\/fibtv\/streamingmedia\/view\/2\/1434\">Xerrada<\/a> de Karina Gibert<\/li>\n\n\n\n<li>6 mar\u00e7 2017: El que no t&#8217;expliquen, Facultat d&#8217;Inform\u00e0tica de Barcelona i Universitat Oberta de Catalunya. <a href=\"https:\/\/www.youtube.com\/watch?v=1MVZFAjIwsA\">V\u00eddeo<\/a> amb N\u00faria Castell<\/li>\n<\/ul>\n\n\n\n<p><strong>Activitats de g\u00e8nere externes a la comissi\u00f3 donesCOEINF<\/strong><\/p>\n\n\n\n<ul class=\"wp-block-list has-link-color wp-elements-778012e99525dab26a0543641c2bd1c2\">\n<li>15 Nov 2019: <a href=\"https:\/\/womenevolution.es\/edicion-en-colaboracion-septiembre-2019-women-stem-barcelona\/\">Stem Women Congress 2019<\/a><\/li>\n\n\n\n<li>16 Mar 2019: <a href=\"https:\/\/iniciativabarcelonaopendata.cat\/ca\/2019\/02\/participa-hackato-dadesxdones\/\">Hackat\u00f3 Dadesxdones<\/a>, donesenxarxa<\/li>\n\n\n\n<li>8 Mar 2019: <a href=\"http:\/\/bibliotecnica.upc.edu\/epseb\/actualitat\/presentacio-del-projecte-aqui-steam\">Presentaci\u00f3 del programa Aqu\u00ed STEAM<\/a>, UPC<\/li>\n\n\n\n<li>Premis <a href=\"http:\/\/tertuliadigital.com\/12x12\/premi-dona-tic\/\">DonaTic<\/a> 2019<\/li>\n\n\n\n<li>Oct 2018- Mar 2019: <a href=\"https:\/\/www.upf.edu\/ca\/web\/wisibilizalas\">Wisibilizalas<\/a><\/li>\n\n\n\n<li>7-8 Mar 2019: <a href=\"https:\/\/www.terrassa.cat\/wscitech19-inici\">Women in Science and Technology<\/a><\/li>\n\n\n\n<li>22 feb, 2019: <a href=\"https:\/\/www.ticanoia.cat\/agenda-tic-de-lanoia\/properes-activitats\/les-tic-en-clau-de-genere-despertem-les-vocacions-femenines.html\">Les TIC en clau de g\u00e8nere: despertem vocacions<\/a><\/li>\n\n\n\n<li>30nov-1dec 2018: <a href=\"https:\/\/talent-woman.es\/\">Talent Woman Espa\u00f1a<\/a><\/li>\n\n\n\n<li>Juliol-Desembre 2018: <a href=\"http:\/\/dones.gencat.cat\/ca\/ambits\/historia\/Cicle-Doblement-invisibles\/\">Cicle doblement invisibles<\/a><\/li>\n\n\n\n<li>Abril 2018: <a href=\"http:\/\/premi-equitat.uoc.edu\/ca\/\">Premis Equitat<\/a><\/li>\n<\/ul>\n\n\n\n<p class=\"has-text-align-center has-link-color wp-elements-a10e926309603994afe168d0603243e0\"><a href=\"https:\/\/enginyeriainformatica.cat\/dones-coeinf\/\" data-type=\"page\" data-id=\"247\"><strong><span style=\"text-decoration: underline;\">Tornar al Home<\/span><\/strong><\/a><\/p>\n\n\n\n<figure class=\"wp-block-image aligncenter\"><a href=\"https:\/\/enginyeriainformatica.cat\/wp-content\/uploads\/2018\/06\/Women-in-Tech-Shows-That-Our-Society-is-Gender-Dividend-1024x576.jpg\"><img decoding=\"async\" src=\"https:\/\/enginyeriainformatica.cat\/wp-content\/uploads\/2018\/06\/Women-in-Tech-Shows-That-Our-Society-is-Gender-Dividend-1024x576.jpg\" alt=\"Women In Tech Shows That Our Society Is Gender Dividend 1024x576\" class=\"wp-image-25707\" title=\"Recull donesCOEINF d&#039;activitats\"><\/a><\/figure>\n\n\n\n<figure class=\"wp-block-image aligncenter\"><a href=\"https:\/\/enginyeriainformatica.cat\/dones-coeinf\/\"><img decoding=\"async\" src=\"https:\/\/enginyeriainformatica.cat\/wp-content\/uploads\/2012\/05\/donesCOEINF-donesCOEINF-728x90.jpg\" alt=\"DonesCOEINF DonesCOEINF 728x90\" class=\"wp-image-28901\" title=\"Recull donesCOEINF d&#039;activitats\"><\/a><\/figure>\n\n\n\n<p><\/p>\n","protected":false},"excerpt":{"rendered":"<p>Recull donesCOEINF d&#8217;activitats de g\u00e8nere relacionades amb l&#8217;enginyeria inform\u00e0tica En aquesta secci\u00f3 hi trobareu un primer recull no exaustiu d&#8217;activitats en mat\u00e8ria de g\u00e8nere relacionades amb l&#8217;enginyeria inform\u00e0tica desenvolupades per la comissi\u00f3 donesCOEINF, o que compten amb la participaci\u00f3 (en diferents graus d&#8217;implicaci\u00f3) d&#8217;algun membre de la comissi\u00f3, o activitats externes a la comissi\u00f3 per\u00f2 [&hellip;]<\/p>\n","protected":false},"author":1,"featured_media":0,"parent":0,"menu_order":0,"comment_status":"closed","ping_status":"closed","template":"","meta":{"_uag_custom_page_level_css":"","site-sidebar-layout":"default","site-content-layout":"","ast-site-content-layout":"default","site-content-style":"default","site-sidebar-style":"default","ast-global-header-display":"","ast-banner-title-visibility":"","ast-main-header-display":"","ast-hfb-above-header-display":"","ast-hfb-below-header-display":"","ast-hfb-mobile-header-display":"","site-post-title":"disabled","ast-breadcrumbs-content":"","ast-featured-img":"","footer-sml-layout":"","ast-disable-related-posts":"","theme-transparent-header-meta":"","adv-header-id-meta":"","stick-header-meta":"","header-above-stick-meta":"","header-main-stick-meta":"","header-below-stick-meta":"","astra-migrate-meta-layouts":"set","ast-page-background-enabled":"default","ast-page-background-meta":{"desktop":{"background-color":"","background-image":"","background-repeat":"repeat","background-position":"center center","background-size":"auto","background-attachment":"scroll","background-type":"","background-media":"","overlay-type":"","overlay-color":"","overlay-opacity":"","overlay-gradient":""},"tablet":{"background-color":"","background-image":"","background-repeat":"repeat","background-position":"center center","background-size":"auto","background-attachment":"scroll","background-type":"","background-media":"","overlay-type":"","overlay-color":"","overlay-opacity":"","overlay-gradient":""},"mobile":{"background-color":"","background-image":"","background-repeat":"repeat","background-position":"center center","background-size":"auto","background-attachment":"scroll","background-type":"","background-media":"","overlay-type":"","overlay-color":"","overlay-opacity":"","overlay-gradient":""}},"ast-content-background-meta":{"desktop":{"background-color":"var(--ast-global-color-5)","background-image":"","background-repeat":"repeat","background-position":"center center","background-size":"auto","background-attachment":"scroll","background-type":"","background-media":"","overlay-type":"","overlay-color":"","overlay-opacity":"","overlay-gradient":""},"tablet":{"background-color":"var(--ast-global-color-5)","background-image":"","background-repeat":"repeat","background-position":"center center","background-size":"auto","background-attachment":"scroll","background-type":"","background-media":"","overlay-type":"","overlay-color":"","overlay-opacity":"","overlay-gradient":""},"mobile":{"background-color":"var(--ast-global-color-5)","background-image":"","background-repeat":"repeat","background-position":"center center","background-size":"auto","background-attachment":"scroll","background-type":"","background-media":"","overlay-type":"","overlay-color":"","overlay-opacity":"","overlay-gradient":""}},"footnotes":""},"class_list":["post-2003","page","type-page","status-publish","hentry"],"uagb_featured_image_src":{"full":false,"thumbnail":false,"medium":false,"medium_large":false,"large":false,"gs-tiny":false,"xl":false,"xxl":false,"xxxl":false,"xxxxl":false,"xxxxxl":false,"1536x1536":false,"2048x2048":false},"uagb_author_info":{"display_name":"COEINF","author_link":"https:\/\/enginyeriainformatica.cat\/dones-coeinf\/author\/coeinf\/"},"uagb_comment_info":0,"uagb_excerpt":"Recull donesCOEINF d&#8217;activitats de g\u00e8nere relacionades amb l&#8217;enginyeria inform\u00e0tica En aquesta secci\u00f3 hi trobareu un primer recull no exaustiu d&#8217;activitats en mat\u00e8ria de g\u00e8nere relacionades amb l&#8217;enginyeria inform\u00e0tica desenvolupades per la comissi\u00f3 donesCOEINF, o que compten amb la participaci\u00f3 (en diferents graus d&#8217;implicaci\u00f3) d&#8217;algun membre de la comissi\u00f3, o activitats externes a la comissi\u00f3 per\u00f2&hellip;","_links":{"self":[{"href":"https:\/\/enginyeriainformatica.cat\/dones-coeinf\/wp-json\/wp\/v2\/pages\/2003","targetHints":{"allow":["GET"]}}],"collection":[{"href":"https:\/\/enginyeriainformatica.cat\/dones-coeinf\/wp-json\/wp\/v2\/pages"}],"about":[{"href":"https:\/\/enginyeriainformatica.cat\/dones-coeinf\/wp-json\/wp\/v2\/types\/page"}],"author":[{"embeddable":true,"href":"https:\/\/enginyeriainformatica.cat\/dones-coeinf\/wp-json\/wp\/v2\/users\/1"}],"replies":[{"embeddable":true,"href":"https:\/\/enginyeriainformatica.cat\/dones-coeinf\/wp-json\/wp\/v2\/comments?post=2003"}],"version-history":[{"count":5,"href":"https:\/\/enginyeriainformatica.cat\/dones-coeinf\/wp-json\/wp\/v2\/pages\/2003\/revisions"}],"predecessor-version":[{"id":2361,"href":"https:\/\/enginyeriainformatica.cat\/dones-coeinf\/wp-json\/wp\/v2\/pages\/2003\/revisions\/2361"}],"wp:attachment":[{"href":"https:\/\/enginyeriainformatica.cat\/dones-coeinf\/wp-json\/wp\/v2\/media?parent=2003"}],"curies":[{"name":"wp","href":"https:\/\/api.w.org\/{rel}","templated":true}]}}