{"id":3719,"date":"2025-09-09T09:14:22","date_gmt":"2025-09-09T07:14:22","guid":{"rendered":"https:\/\/enginyeriainformatica.cat\/dones-coeinf\/?page_id=3719"},"modified":"2025-09-10T14:00:17","modified_gmt":"2025-09-10T12:00:17","slug":"baixem-el-ritme-que-no-aguantarem","status":"publish","type":"page","link":"https:\/\/enginyeriainformatica.cat\/dones-coeinf\/baixem-el-ritme-que-no-aguantarem\/","title":{"rendered":"Reflexi\u00f3 de la nostra presidenta sobre TICs i confinament"},"content":{"rendered":"\n<h3 class=\"wp-block-heading has-ast-global-color-0-color has-text-color has-link-color wp-elements-70bb522eaa1ae85c2e6082b787b7ef12\">Baixem el Ritme que no aguantarem!<\/h3>\n\n\n\n<h5 class=\"wp-block-heading\" style=\"font-size:14px\"><strong>&nbsp; Dijous, 19 de mar\u00e7 de 2020<\/strong><\/h5>\n\n\n\n<figure class=\"wp-block-image alignleft is-resized\" style=\"margin-right:var(--wp--preset--spacing--30);margin-left:var(--wp--preset--spacing--30)\"><img decoding=\"async\" src=\"https:\/\/enginyeriainformatica.cat\/wp-content\/uploads\/2020\/03\/festibity2019c.jpg\" alt=\"Festibity2019c\" class=\"wp-image-31905\" style=\"width:162px;height:auto\" title=\"Reflexi\u00f3 de la nostra presidenta sobre TICs i confinament\"><\/figure>\n\n\n\n<p class=\"has-text-color has-link-color wp-elements-43daa1a7d85606725b0e29b7f8718daa\" style=\"color:#333399;font-size:14px\"><em>per Karina Gibert<\/em>, <\/p>\n\n\n\n<p class=\"has-text-color has-link-color wp-elements-0a44bd5e070e518e1db55229d221874e\" style=\"color:#333399;font-size:14px\">Catedr\u00e0tica d\u2019IDEAI-UPC<\/p>\n\n\n\n<p class=\"has-text-color has-link-color wp-elements-0770ec74ba74f57e6c7a9a9a5e11d0f0\" style=\"color:#333399;font-size:14px\">Col.legiada COEINF nro 345<\/p>\n\n\n\n<p class=\"has-text-color has-link-color wp-elements-ded9d5d22b6b472b0d7de444b34c967a\" style=\"color:#333399;font-size:14px\">Vicedegana delBig Data, Data Science i Intel.lig\u00e8ncia Artificial i<\/p>\n\n\n\n<p class=\"has-text-color has-link-color wp-elements-158e7256e32bf6355bd68dc19f2edaba\" style=\"color:#333399;font-size:14px\">Presidenta de donesCOEINF<\/p>\n\n\n\n<p><\/p>\n\n\n\n<p><\/p>\n\n\n\n<div style=\"height:33px\" aria-hidden=\"true\" class=\"wp-block-spacer\"><\/div>\n\n\n\n<p class=\"has-ast-global-color-2-color has-text-color has-link-color wp-elements-1e01b1a5252f4ce99927ad1ff7f4c64e\">Soc enginyera inform\u00e0tica i catedr\u00e0tica de la UPC amb doc\u00e8ncia vinculada a tres escoles diferents de la mateixa, gr\u00e0cies a l\u2019estructura matricial que t\u00e9 la nostra organitzaci\u00f3. Com a membre d\u2019un equip for\u00e7a gran d\u2019investigaci\u00f3 participo en alguns projectes europeus, en la t\u00f2nica del que fem al nostre grup, i soc part de l\u2019equip directiu d&#8217;aquest Col.legi. Fins dijous passat a la tarda an\u00e0vem fent. Amb una certa intensitat d\u2019activitat, aix\u00f2 s\u00ed, relativament habitual en el meu entorn immediat. Molta feina i poc personal de base en qui delegar, per\u00f2 \u00e9s la situaci\u00f3 que hem normalitzat en els darrers anys despr\u00e9s de les famoses retallades. Dijous, el cataclisme&#8230; les universitats es tanquen; una mesura <strong>sense precedents<\/strong>. No discuteixo gens l\u2019oportunitat de la mesura. Gens. Perqu\u00e8 no \u00e9s aquest el motiu d\u2019aquest escrit. Tampoc discuteixo gens el confinament total al que estem sotmesos, donada la grav\u00edssima emerg\u00e8ncia sanit\u00e0ria que estem mirant de contenir entre tots com bonament podem.<\/p>\n\n\n\n<h5 class=\"wp-block-heading\"><\/h5>\n\n\n\n<p>El que vull posar sobre la taula avui, vuit dies despr\u00e9s del confinament, \u00e9s la necessitat de fer entre tots una reflexi\u00f3 profunda del que significa confinar-te i formar part del m\u00f3n TIC en les actuals circumst\u00e0ncies, i ens plantegem la necessitat d\u2019un <strong>canvi de mental.litat IMMEDIAT<\/strong> si volem aguantar en bona salut mental i emocional les llargues setmanes que ens venen per davant.<\/p>\n\n\n\n<p>Estic constatant amb molta pena que tots <strong>els professionals TIC<\/strong> del meu entorn amb qui parlo <strong>estem desbordats<\/strong>. Quasi cap ha pogut descansar ni cinc minuts des de dijous passat, per motius i circumst\u00e0ncies diverses en funci\u00f3 del c\u00e0rrec i posici\u00f3 que ocupa cadascun, per\u00f2 la majoria, sense excepci\u00f3, desbordats pel dia a dia.<\/p>\n\n\n\n<h5 class=\"wp-block-heading\"><\/h5>\n\n\n\n<p>Resulta que en el nostre entorn TIC, tenim la creen\u00e7a, interna i externa, que <strong>disp<\/strong><strong>osem d\u2019infinitud de recursos tecnol\u00f2gics<\/strong> que ens permeten mantenir l\u2019activitat teletreballant.<\/p>\n\n\n\n<p>En el meu cas, classes on line o semipresencials, per\u00f2 tamb\u00e9, com \u00e9s el cas de quasi b\u00e9 tota la resta, eines interactives de compartici\u00f3 de documents, el n\u00favol, els servidors, els dispositius portables, els inal\u00e0mbrics, les videoconfer\u00e8ncies (<em>les calls<\/em>), els serveis Google, Microsoft&#8230; in un llarg etc\u00e8tera de productes de la nostra pr\u00f2pia professi\u00f3, que certament aporten unes possibilitats incre\u00efbles a la deslocalitzaci\u00f3 dels professionals en temps i espai. Cert!<\/p>\n\n\n\n<blockquote class=\"wp-block-quote has-text-color has-link-color wp-elements-8d48b858f4aef073cc129f515f2df246 is-layout-flow wp-block-quote-is-layout-flow\" style=\"color:#333399\">\n<p class=\"has-text-color has-link-color wp-elements-b581fe7a0ce0d97bfae4b700536cd163\" style=\"color:#333399\"><em>I bene\u00efda la tecnologia que ens permet continuar endavant<\/em> <em>en una situaci\u00f3 com la que estem vivint<\/em><\/p>\n<\/blockquote>\n\n\n\n<p>Hi ha per\u00f2 una cosa que no veig gens que h\u00e0gim sapigut tenir en compte: El fet que <strong>confinar-se escur\u00e7a molt significativament la jornada laboral<\/strong> sense excepcions i <strong>n<\/strong><strong>o podem, NI HEM,<\/strong> de voler <strong>mantenir l\u2019agenda habitual<\/strong> com si no pass\u00e9s res de res.<\/p>\n\n\n\n<h5 class=\"wp-block-heading\"><\/h5>\n\n\n\n<p>M&#8217;explico: <strong>les reunions presencials molts cops serien m\u00e9s r\u00e0pides<\/strong> perqu\u00e8 en les v\u00eddeoconfer\u00e8ncies hi ha uns tempos per aconseguir la connexi\u00f3 plena de tots els assistents, perqu\u00e8 compartir les diferents pantalles gasta uns segonets que en presencial no es gasten, perqu\u00e8 com que estem confinats gastem una estoneta IMPRESCINDIBLE a preguntar-nos com anem i com ho portem, per <em>mil diminuts detalls<\/em> que converteix<\/p>\n\n\n\n<p>en la reuni\u00f3 que la setmana passada havies programat en dues HORES en una de TRES <em>consumint un temps que no estava programat i&nbsp;<\/em><em>se supErposa amb &#8216;agenda, <\/em><em>plena, que ja ten\u00edem<\/em>. <strong>Transformar una assignatura<\/strong> de presencial <strong>a no presencial, no <\/strong><strong>\u00e9s cosa de dos die<\/strong><strong>s<\/strong>, i fins i tot els que ho tenim tot al web i molt ben programat ens hem hagut de buscar espai en aquestes agendes que ja eren plenes per tenir m\u00e9s reunions internes i prendre les decisions oportunes sobre la transformaci\u00f3, i dissenyar algunes tasques m\u00e9s i fer la documentaci\u00f3 que requereixen els estudiants en aquesta situaci\u00f3 nova&#8230;. <em>i mil diminuts detalls m\u00e9s que consumeixen un temps que no estava programat i se superposa amb l\u2019agenda, plena, que ja ten\u00edem.<\/em> Alguns tenen contractes laborals que cauen justament en aquests dies i cal entregar <strong>tr\u00e0mits i documentacions<\/strong> presencials que no es poden entregar perqu\u00e8 no podem sortir de casa, aquests tr\u00e0mits representen un munt de gestions inesperades que consumeixen estona i estona i estona &#8230;.&nbsp;<em> i mil diminuts detalls m\u00e9s que consumeixen un temps que no estava programat i se superposa amb l\u2019agenda, plena, que ja ten\u00edem<\/em>. I, el m\u00e9s <strong>invisible per\u00f2 invasiu<\/strong> a l\u2019agenda: <strong>estar a casa incorpora <\/strong>al dia a dia un munt d\u2019<strong>activitats que s\u2019han d\u2019atendre<\/strong> i que abans no interferien amb la jornada laboral.&nbsp; Els que tenen nens els han de cuidar TOT EL DIA, els que no en tenen per\u00f2 dinaven a la feina, ara s\u2019han de cuinar i endre\u00e7ar la cuina CADA DIA, els que tenen grans confinats i fora de la llar els han de trucar i estar per ells CADA DIA, potser m\u00e9s d&#8217;un cop, les hores d\u2019oficina on podies treballar ininterrompudament ja no hi son, els restaurants on baixaves 30 minuts a fer un \u201clunch professional\u201d tampoc, poder cuinar incorpora fer unes compres que abans potser no feies i tamb\u00e9 gasten m\u00e9s hores que abans&#8230;. Dir\u00e9 obvietats, \u00e9s clar que s\u00ed! a ning\u00fa li ve de nou el que dic, per\u00f2 estar a casa implica <em>mil diminuts (o no tant) detalls m\u00e9s que consumeixen un temps que no estava programat i se supeposa amb l\u2019agenda, ja plena, que ten\u00edem<\/em>. I tots ens estem adaptant, tant r\u00e0pid com podem, tan b\u00e9 com sabem, tan \u00e0gils com ens demana \u201cla gran roda del sistema\u201d. Per\u00f2 l&#8217;adaptaci\u00f3 no \u00e9s immediata, ni gratu\u00efta, i molt menys si s&#8217;ha de posar en dan\u00e7a de forma inesperada.<\/p>\n\n\n\n<p>Rebem mails i m\u00e9s mails de tothom indicant que la reuni\u00f3 X es passa a <em>telco<\/em>, la classe Y es passa a <em>video call<\/em>, l\u2019entrega Z mant\u00e9 el deadline i de tant en tant el company W ha caigut i ja no hi pots comptar perqu\u00e8 est\u00e0 a\u00efllat i no es troba gens gens b\u00e9 i ja no pot fer la seva part.<\/p>\n\n\n\n<p>Ahir, des de la unitat de Psiquiatria del Mar el Pr. Bulbena, gran professional, company i amic, ens advertia dels efectes devastadors que t\u00e9 un confinament llarg sobre l\u2019equilibri mental i emocional de la persona en condicions normals&#8230; Imagineu-vos en estat d\u2019estress permanent, el qual descansa sobre un sentiment col.lectiu que hem de fer com si tot fos normal, com si no pass\u00e9s res, <strong>com <\/strong><strong>si ens mud\u00e9ssim tots a Matrix i els nostres avatars virtuals podessin fer-ho tot sense cap cost extra:<\/strong><\/p>\n\n\n\n<p>classes, reunions, recerca projectes gesti\u00f3-d\u2019equips-gesti\u00f3-de-baixes-laborals-deRenovacionsDeContractes- deTotDeTotDeTot-ComSiFossinNosaltresMateixos-EnPlenaAcci\u00f3EnUnMonDeMentida-QueNoVolRecon\u00e8ixer-Queestemenestatd\u2019<em>emerg\u00e8nciasanit\u00e0ria<\/em>&#8230;.<\/p>\n\n\n\n<p>(us heu ofegat llegint?&#8230;. \u00e9s el que intento transmetre&#8230;. \u00e9s com molts ens sentim ara&#8230;)<\/p>\n\n\n\n<p>Si us plau, reflexionem tots una mica, \u00e9s cert que <strong>les TIC donen un suport meravell\u00f3s<\/strong> i obren unes possibilitats inimaginables fa nom\u00e9s 10 anys <strong>per poder mantenir l\u2019activitat<\/strong> sense moure\u2019ns de casa, <strong>benvingut el teletreball<\/strong> i el replantejament de l\u2019ordre social i tot el que convingui, <strong>per\u00f2<\/strong> sento la necessitat de fer una crida a que <strong>afluixem un xic tots el ritme<\/strong> <strong>o no aguantarem<\/strong> gaires dies m\u00e9s. Necessitem assumir que estar a casa escur\u00e7a la jornada laboral de forma intr\u00ednseca en les actuals condicions i <strong>donar-nos perm\u00eds<\/strong> entre tots per cancel.lar aquelles activitats que no siguin tan urgent\u00edssimes i <strong>esponjar una mica les<\/strong><strong> agendes<\/strong> i ajudar-nos entre tots a fer-ho!<\/p>\n\n\n\n<blockquote class=\"wp-block-quote is-layout-flow wp-block-quote-is-layout-flow\">\n<p class=\"has-text-color has-link-color wp-elements-5b494b207e96cd01d6e51671d2f991c7\" style=\"color:#333399\"><em>Si et demanen de post-posar una activitat que a tu et sembla que no cal,<\/em> <em>alinia\u2019t, pensa que qui t\u2019ho demana poden estar a punt del col.lapse<\/em> <em>log\u00edstic o ves a saber qu\u00e8 i siguem tots m\u00e9s flexibles aquests dies&#8230;.<\/em><\/p>\n<\/blockquote>\n\n\n\n<h5 class=\"wp-block-heading\"><\/h5>\n\n\n\n<p>Ahir, el meu estimat Col.legi, aquest COEINF que legalment representa a tot el sector inform\u00e0tic, m&#8217;enorgullia fent un clam a <strong>recon\u00e8ixer l\u2019enorme esfor\u00e7<\/strong> que els <strong>nostres professionals<\/strong> estan fent aquests dies per tal que tot l\u2019engranatge tecnol\u00f2gic que cal per fer funcionar aquest m\u00f3n virtual que ens assisteix ara mateix, estigui operatiu, actiu&#8230; impecable&#8230;. Dijous. la meva estimada UPC <strong>accel.lerava un proc\u00e9s de migraci\u00f3<\/strong> a Gsuite i donava d\u2019alta EN DOS DIES m\u00e9s de 22mil estudiants (s\u00ed, s\u00ed&#8230; 22.000, amb <em>tres zeros!),<\/em> per a que puguin assistir a les classes <em>on-line<\/em> amb els recursos nous que ens han posat a l\u2019abast&#8230;. per citar nom\u00e9s algunes de les <strong>proeses que aquests dies esdevenen<\/strong>&#8230; nom\u00e9s algunes&#8230; nom\u00e9s algunes&#8230;<\/p>\n\n\n\n<figure class=\"wp-block-image alignleft\"><img decoding=\"async\" src=\"https:\/\/enginyeriainformatica.cat\/wp-content\/uploads\/2020\/03\/thinkstockphotos-603274790.jpg\" alt=\"Thinkstockphotos 603274790\" class=\"wp-image-31909\" title=\"Reflexi\u00f3 de la nostra presidenta sobre TICs i confinament\"><\/figure>\n\n\n\n<p>Avui, sento la necessitat de demanar que continuem tots al peu del can\u00f3, clar que s\u00ed, per\u00f2 afluixem agendes i exig\u00e8ncies entre tots&#8230; que es tracta d\u2019anar fent i aguantar&#8230; aguantar amb la millor salut tots, que ens han dit tres setmanes de moment, i s\u00f3n molts dies.<\/p>\n\n\n\n<p class=\"has-text-color has-link-color wp-elements-6c2514ed3bbaefa2e489711ac59fc1af\" style=\"color:#333399\"><em>Evitem que d&#8217;aqu\u00ed poquet, siguin els inform\u00e0tics e<\/em><em>n burn-out que col.lapsin el sis<\/em><em>tema de salut<\/em><\/p>\n\n\n\n<p>\u00c0nims a tots i molta for\u00e7a<\/p>\n","protected":false},"excerpt":{"rendered":"<p>Baixem el Ritme que no aguantarem! &nbsp; Dijous, 19 de mar\u00e7 de 2020 per Karina Gibert, Catedr\u00e0tica d\u2019IDEAI-UPC Col.legiada COEINF nro 345 Vicedegana delBig Data, Data Science i Intel.lig\u00e8ncia Artificial i Presidenta de donesCOEINF Soc enginyera inform\u00e0tica i catedr\u00e0tica de la UPC amb doc\u00e8ncia vinculada a tres escoles diferents de la mateixa, gr\u00e0cies a l\u2019estructura [&hellip;]<\/p>\n","protected":false},"author":1,"featured_media":0,"parent":0,"menu_order":0,"comment_status":"closed","ping_status":"closed","template":"","meta":{"_uag_custom_page_level_css":"","site-sidebar-layout":"default","site-content-layout":"","ast-site-content-layout":"default","site-content-style":"default","site-sidebar-style":"default","ast-global-header-display":"","ast-banner-title-visibility":"","ast-main-header-display":"","ast-hfb-above-header-display":"","ast-hfb-below-header-display":"","ast-hfb-mobile-header-display":"","site-post-title":"disabled","ast-breadcrumbs-content":"","ast-featured-img":"","footer-sml-layout":"","ast-disable-related-posts":"","theme-transparent-header-meta":"","adv-header-id-meta":"","stick-header-meta":"","header-above-stick-meta":"","header-main-stick-meta":"","header-below-stick-meta":"","astra-migrate-meta-layouts":"set","ast-page-background-enabled":"default","ast-page-background-meta":{"desktop":{"background-color":"","background-image":"","background-repeat":"repeat","background-position":"center center","background-size":"auto","background-attachment":"scroll","background-type":"","background-media":"","overlay-type":"","overlay-color":"","overlay-opacity":"","overlay-gradient":""},"tablet":{"background-color":"","background-image":"","background-repeat":"repeat","background-position":"center center","background-size":"auto","background-attachment":"scroll","background-type":"","background-media":"","overlay-type":"","overlay-color":"","overlay-opacity":"","overlay-gradient":""},"mobile":{"background-color":"","background-image":"","background-repeat":"repeat","background-position":"center center","background-size":"auto","background-attachment":"scroll","background-type":"","background-media":"","overlay-type":"","overlay-color":"","overlay-opacity":"","overlay-gradient":""}},"ast-content-background-meta":{"desktop":{"background-color":"var(--ast-global-color-5)","background-image":"","background-repeat":"repeat","background-position":"center center","background-size":"auto","background-attachment":"scroll","background-type":"","background-media":"","overlay-type":"","overlay-color":"","overlay-opacity":"","overlay-gradient":""},"tablet":{"background-color":"var(--ast-global-color-5)","background-image":"","background-repeat":"repeat","background-position":"center center","background-size":"auto","background-attachment":"scroll","background-type":"","background-media":"","overlay-type":"","overlay-color":"","overlay-opacity":"","overlay-gradient":""},"mobile":{"background-color":"var(--ast-global-color-5)","background-image":"","background-repeat":"repeat","background-position":"center center","background-size":"auto","background-attachment":"scroll","background-type":"","background-media":"","overlay-type":"","overlay-color":"","overlay-opacity":"","overlay-gradient":""}},"footnotes":""},"class_list":["post-3719","page","type-page","status-publish","hentry"],"uagb_featured_image_src":{"full":false,"thumbnail":false,"medium":false,"medium_large":false,"large":false,"gs-tiny":false,"xl":false,"xxl":false,"xxxl":false,"xxxxl":false,"xxxxxl":false,"1536x1536":false,"2048x2048":false},"uagb_author_info":{"display_name":"COEINF","author_link":"https:\/\/enginyeriainformatica.cat\/dones-coeinf\/author\/coeinf\/"},"uagb_comment_info":0,"uagb_excerpt":"Baixem el Ritme que no aguantarem! &nbsp; Dijous, 19 de mar\u00e7 de 2020 per Karina Gibert, Catedr\u00e0tica d\u2019IDEAI-UPC Col.legiada COEINF nro 345 Vicedegana delBig Data, Data Science i Intel.lig\u00e8ncia Artificial i Presidenta de donesCOEINF Soc enginyera inform\u00e0tica i catedr\u00e0tica de la UPC amb doc\u00e8ncia vinculada a tres escoles diferents de la mateixa, gr\u00e0cies a l\u2019estructura&hellip;","_links":{"self":[{"href":"https:\/\/enginyeriainformatica.cat\/dones-coeinf\/wp-json\/wp\/v2\/pages\/3719","targetHints":{"allow":["GET"]}}],"collection":[{"href":"https:\/\/enginyeriainformatica.cat\/dones-coeinf\/wp-json\/wp\/v2\/pages"}],"about":[{"href":"https:\/\/enginyeriainformatica.cat\/dones-coeinf\/wp-json\/wp\/v2\/types\/page"}],"author":[{"embeddable":true,"href":"https:\/\/enginyeriainformatica.cat\/dones-coeinf\/wp-json\/wp\/v2\/users\/1"}],"replies":[{"embeddable":true,"href":"https:\/\/enginyeriainformatica.cat\/dones-coeinf\/wp-json\/wp\/v2\/comments?post=3719"}],"version-history":[{"count":26,"href":"https:\/\/enginyeriainformatica.cat\/dones-coeinf\/wp-json\/wp\/v2\/pages\/3719\/revisions"}],"predecessor-version":[{"id":3875,"href":"https:\/\/enginyeriainformatica.cat\/dones-coeinf\/wp-json\/wp\/v2\/pages\/3719\/revisions\/3875"}],"wp:attachment":[{"href":"https:\/\/enginyeriainformatica.cat\/dones-coeinf\/wp-json\/wp\/v2\/media?parent=3719"}],"curies":[{"name":"wp","href":"https:\/\/api.w.org\/{rel}","templated":true}]}}